12 and 204?
12
Calculate the greatest common factor of 39 and 247.
13
What is the greatest common factor of 366 and 50325?
183
What is the greatest common divisor of 40 and 180?
20
Calculate the highest common divisor of 2034 and 72.
18
Calculate the greatest common divisor of 1772 and 12.
4
Calculate the greatest common divisor of 968 and 256.
8
Calculate the greatest common factor of 2 and 193.
1
What is the greatest common factor of 146 and 1241?
73
Calculate the greatest common divisor of 2323 and 23.
23
What is the greatest common factor of 102 and 544?
34
What is the greatest common factor of 102541 and 61?
61
What is the highest common divisor of 692 and 8?
4
Calculate the greatest common factor of 40 and 7570.
10
What is the greatest common divisor of 40 and 50?
10
What is the highest common divisor of 495 and 45?
45
What is the highest common factor of 19 and 38?
19
What is the greatest common factor of 425 and 493?
17
Calculate the greatest common factor of 30 and 195.
15
What is the highest common divisor of 13 and 46761?
13
Calculate the greatest common divisor of 66 and 66.
66
What is the highest common divisor of 189 and 1575?
63
What is the greatest common divisor of 1 and 43?
1
Calculate the greatest common factor of 2701 and 74.
37
Calculate the highest common factor of 25462 and 174.
58
What is the highest common divisor of 64 and 82?
2
Calculate the highest common divisor of 63 and 10080.
63
Calculate the greatest common factor of 410 and 246.
82
What is the greatest common divisor of 480 and 270?
30
Calculate the greatest common factor of 14 and 448.
14
What is the greatest common divisor of 4401 and 27?
27
What is the highest common factor of 350 and 7150?
50
Calculate the greatest common divisor of 180 and 580.
20
What is the greatest common divisor of 344 and 8?
8
Calculate the greatest common factor of 2159 and 1651.
127
What is the highest common divisor of 753 and 3?
3
What is the highest common factor of 130 and 240?
10
What is the greatest common divisor of 143 and 220?
11
Calculate the greatest common factor of 58360 and 40.
40
Calculate the greatest common divisor of 10426 and 104.
26
Calculate the greatest common factor of 110 and 170.
10
What is the highest common factor of 232 and 8?
8
Calculate the highest common divisor of 7 and 133.
7
What is the greatest common divisor of 9387 and 126?
63
Calculate the highest common divisor of 129 and 3.
3
Calculate the greatest common factor of 28 and 24164.
28
What is the highest common divisor of 147 and 14?
7
Calculate the greatest common divisor of 33 and 1199.
11
What is the greatest common divisor of 150 and 10500?
150
Calculate the highest common divisor of 22 and 869.
11
What is the highest common divisor of 32 and 512?
32
Calculate the greatest common factor of 44 and 132.
44
What is the highest common factor of 3364 and 116?
116
What is the highest common factor of 1953 and 441?
63
Calculate the highest common factor of 69 and 299.
23
Calculate the highest common divisor of 104 and 351.
13
Calculate the highest common divisor of 41451 and 123.
123
What is the highest common factor of 55 and 385?
55
What is the highest common divisor of 18 and 22?
2
Calculate the greatest common divisor of 57 and 4541.
19
Calculate the highest common divisor of 156 and 144.
12
What is the highest common factor of 143 and 440?
11
Calculate the highest common divisor of 1476 and 54.
18
What is the highest common divisor of 1648 and 16?
16
Calculate the highest common factor of 651 and 21.
21
What is the highest common divisor of 56 and 32?
8
Calculate the greatest common divisor of 59186 and 202.
202
Calculate the greatest common factor of 184 and 46.
46
Calculate the greatest common factor of 3737 and 202.
101
What is the highest common factor of 270 and 2475?
45
Calculate the highest common divisor of 414 and 3.
3
Calculate the highest common factor of 71 and 1633.
71
Calculate the greatest common divisor of 256 and 24.
8
What is the highest common divisor of 17 and 8347?
17
Calculate the greatest common factor of 261 and 3161.
29
Calculate the highest common divisor of 31644 and 108.
108
Calculate the greatest common divisor of 11819 and 223.
223
What is the highest common factor of 704 and 144?
16
What is the highest common factor of 168 and 20328?
168
Calculate the greatest common factor of 1680 and 350.
70
What is the greatest common factor of 1512 and 8?
8
Calculate the greatest common factor of 147 and 7.
7
Calculate the greatest common divisor of 1073 and 444.
37
What is the greatest common divisor of 30 and 240?
30
Calculate the greatest common factor of 96 and 29472.
96
Calculate the greatest common divisor of 1364 and 44.
44
What is the highest common factor of 8449 and 119?
119
Calculate the highest common factor of 162 and 864.
54
Calculate the greatest common divisor of 576 and 396.
36
Calculate the greatest common divisor of 209 and 33.
11
Calculate the highest common divisor of 1460 and 20.
20
Calculate the greatest common factor of 1955 and 10.
5
Calculate the highest common divisor of 11 and 2.
1
What is the greatest common divisor of 29 and 3?
1
Calculate the greatest common factor of 2355 and 30.
15
What is the greatest common divisor of 2208 and 96?
96
What is the highest common divisor of 254 and 20066?
254
What is the highest common divisor of 188 and 8?
4
What is the highest common divisor of 96 and 240?
48
Calculate the highest common factor of 1406 and 148.
74
What is the highest common factor of 357 and 3?
3
Calculate the greatest common divisor of 3 and 837.
3
Calculate the highest common divisor of 1325 and 53.
53
Calculate the greatest common divisor of 10 and 6810.
10
What is the highest common factor of 22 and 1298?
22
What is the highest common divisor of 20 and 1620?
20
What is the greatest common divisor of 44 and 37862?
22
What is the highest common factor of 1794 and 18?
6
What is the greatest common factor of 81 and 117?
9
What is the greatest common factor of 234 and 624?
78
What is the greatest common divisor of 1127 and 437?
23
Calculate the highest common divisor of 132 and 748.
44
What is the highest common divisor of 150 and 60?
30
Calculate the greatest common divisor of 20 and 196.
4
What is the greatest common factor of 118 and 3776?
118
What is the highest common factor of 4070 and 555?
185
What is the highest common factor of 40 and 12760?
40
Calculate the greatest common factor of 17 and 1377.
17
What is the greatest common factor of 588 and 210?
42
Calculate the greatest common factor of 7 and 763.
7
What is the highest common factor of 231 and 957?
33
What is the greatest common factor of 387 and 43?
43
Calculate the highest common factor of 3379 and 327.
109
What is the highest common factor of 132 and 462?
66
What is the greatest common divisor of 220 and 88?
44
What is the highest common factor of 36 and 17154?
18
Calculate the greatest common factor of 340 and 2125.
85
Calculate the greatest common factor of 450 and 36.
18
Calculate the greatest common factor of 67 and 603.
67
Calculate the highest common divisor of 38 and 2.
2
Calculate the greatest common factor of 221 and 34.
17
Calculate the highest common divisor of 5775 and 330.
165
Calculate the highest common factor of 2096 and 48.
16
What is the highest common factor of 3 and 61?
1
Calculate the highest common factor of 8 and 3176.
8
What is the highest common divisor of 93 and 36?
3
What is the greatest common factor of 144 and 633?
3
What is the greatest common factor of 21 and 28?
7
What is the highest common divisor of 4665 and 45?
15
What is the greatest common divisor of 66 and 114?
6
What is the greatest common divisor of 1780 and 380?
20
What is the greatest common divisor of 1274 and 147?
49
What is the highest common factor of 66 and 33?
33
Calculate the highest common divisor of 2610 and 30.
30
Calculate the greatest common factor of 13203 and 163.
163
What is the greatest common divisor of 40 and 3240?
40
What is the greatest common divisor of 2187 and 81?
81
Calculate the highest common divisor of 2670 and 1590.
30
What is the highest common factor of 2555 and 146?
73
Calculate the greatest common factor of 27 and 45.
9
What is the highest common fa